{"id":4595,"date":"2026-03-26T13:05:24","date_gmt":"2026-03-26T11:05:24","guid":{"rendered":"https:\/\/laurenci.edu.lv\/?page_id=4595"},"modified":"2026-03-27T11:21:45","modified_gmt":"2026-03-27T09:21:45","slug":"stem","status":"publish","type":"page","link":"https:\/\/laurenci.edu.lv\/index.php\/stem\/","title":{"rendered":"STEM"},"content":{"rendered":"<div class=\"wp-block-image\">\n<figure class=\"aligncenter size-large is-resized\"><img loading=\"lazy\" decoding=\"async\" width=\"1024\" height=\"587\" src=\"https:\/\/laurenci.edu.lv\/wp-content\/uploads\/2026\/03\/ES-logo-stem-pisoniska-lidzdaliba-1024x587.png\" alt=\"\" class=\"wp-image-4641\" style=\"aspect-ratio:1.7445065832929676;width:277px;height:auto\" srcset=\"https:\/\/laurenci.edu.lv\/wp-content\/uploads\/2026\/03\/ES-logo-stem-pisoniska-lidzdaliba-1024x587.png 1024w, https:\/\/laurenci.edu.lv\/wp-content\/uploads\/2026\/03\/ES-logo-stem-pisoniska-lidzdaliba-300x172.png 300w, https:\/\/laurenci.edu.lv\/wp-content\/uploads\/2026\/03\/ES-logo-stem-pisoniska-lidzdaliba-768x440.png 768w, https:\/\/laurenci.edu.lv\/wp-content\/uploads\/2026\/03\/ES-logo-stem-pisoniska-lidzdaliba.png 1500w\" sizes=\"auto, (max-width: 1024px) 100vw, 1024px\" \/><\/figure>\n<\/div>\n\n\n<h2 class=\"wp-block-heading has-text-align-center\">ESF Plus projekts\u00a0&#8220;STEM un pilsonisk\u0101s l\u012bdzdal\u012bbas norises pla\u0161\u0101kai izgl\u012bt\u012bbas pieredzei un karjeras izv\u0113lei\u201d <\/h2>\n\n\n\n<h2 class=\"wp-block-heading alignwide has-text-align-center\">M\u0113r\u0137is<\/h2>\n\n\n\n<p class=\"has-text-align-center\">Nodro\u0161in\u0101t b\u0113rniem un jaunie\u0161iem iesp\u0113ju apmekl\u0113t norises STEM jom\u0101 un pilsonisk\u0101s l\u012bdzdal\u012bbas jom\u0101, kas sekm\u0113 m\u0101c\u012bbu satura sasniedzamo rezult\u0101tu un m\u0113r\u0137u sasnieg\u0161anu, lai m\u0101c\u012bbu proces\u0101 da\u017e\u0101dotu m\u0101c\u012b\u0161an\u0101s pieredzi, efekt\u012bv\u0101k sasaist\u012btu m\u0101c\u012bbu teoriju ar praksi, veicin\u0101tu izpratni par min\u0113to jomu darba tirgus pras\u012bb\u0101m, rad\u012btu interesi par \u0161o jomu apg\u016b\u0161anu un sekm\u0113tu turpm\u0101ku m\u0101c\u012b\u0161an\u0101s izv\u0113li min\u0113taj\u0101s jom\u0101s.<\/p>\n\n\n\n<h2 class=\"wp-block-heading has-text-align-center\">Projekta \u012bsteno\u0161anas laiks <\/h2>\n\n\n\n<p class=\"has-text-align-center\">2025. gada\u00a01.\u00a0apr\u012blis \u2013\u00a0 2028.\u00a0gada 31.\u00a0augusts<\/p>\n\n\n\n<h2 class=\"wp-block-heading has-text-align-center\">Projekta m\u0113r\u0137a grupas<\/h2>\n\n\n\n<p class=\"has-text-align-center\">Izgl\u012btojamie oblig\u0101taj\u0101 pirmsskolas izgl\u012bt\u012bbas vecum\u0101 izgl\u012bt\u012bbas iest\u0101d\u0113s, kas \u012bsteno pirmsskolas izgl\u012bt\u012bbas programmas, un izgl\u012btojamie visp\u0101r\u0113j\u0101s izgl\u012bt\u012bbas iest\u0101d\u0113s un profesion\u0101l\u0101s izgl\u012bt\u012bbas iest\u0101d\u0113s, kas \u012bsteno kl\u0101tienes pamatizgl\u012bt\u012bbas un vid\u0113j\u0101s izgl\u012bt\u012bbas programmas.<\/p>\n\n\n\n<p><\/p>\n\n\n\n<p><\/p>\n\n\n\n<p><\/p>\n","protected":false},"excerpt":{"rendered":"<p>ESF Plus projekts\u00a0&#8220;STEM un pilsonisk\u0101s l\u012bdzdal\u012bbas norises pla\u0161\u0101kai izgl\u012bt\u012bbas pieredzei un karjeras izv\u0113lei\u201d M\u0113r\u0137is Nodro\u0161in\u0101t b\u0113rniem un jaunie\u0161iem iesp\u0113ju apmekl\u0113t norises STEM jom\u0101 un pilsonisk\u0101s l\u012bdzdal\u012bbas jom\u0101, kas sekm\u0113 m\u0101c\u012bbu satura sasniedzamo rezult\u0101tu un m\u0113r\u0137u sasnieg\u0161anu, lai m\u0101c\u012bbu proces\u0101 da\u017e\u0101dotu m\u0101c\u012b\u0161an\u0101s pieredzi, efekt\u012bv\u0101k sasaist\u012btu m\u0101c\u012bbu teoriju ar praksi, veicin\u0101tu izpratni par min\u0113to jomu darba tirgus &#8230; <a title=\"STEM\" class=\"read-more\" href=\"https:\/\/laurenci.edu.lv\/index.php\/stem\/\" aria-label=\"Read more about STEM\">Las\u012bt t\u0101l\u0101k<\/a><\/p>\n","protected":false},"author":2,"featured_media":0,"parent":0,"menu_order":0,"comment_status":"closed","ping_status":"closed","template":"","meta":{"footnotes":""},"class_list":["post-4595","page","type-page","status-publish"],"_links":{"self":[{"href":"https:\/\/laurenci.edu.lv\/index.php\/wp-json\/wp\/v2\/pages\/4595","targetHints":{"allow":["GET"]}}],"collection":[{"href":"https:\/\/laurenci.edu.lv\/index.php\/wp-json\/wp\/v2\/pages"}],"about":[{"href":"https:\/\/laurenci.edu.lv\/index.php\/wp-json\/wp\/v2\/types\/page"}],"author":[{"embeddable":true,"href":"https:\/\/laurenci.edu.lv\/index.php\/wp-json\/wp\/v2\/users\/2"}],"replies":[{"embeddable":true,"href":"https:\/\/laurenci.edu.lv\/index.php\/wp-json\/wp\/v2\/comments?post=4595"}],"version-history":[{"count":7,"href":"https:\/\/laurenci.edu.lv\/index.php\/wp-json\/wp\/v2\/pages\/4595\/revisions"}],"predecessor-version":[{"id":4642,"href":"https:\/\/laurenci.edu.lv\/index.php\/wp-json\/wp\/v2\/pages\/4595\/revisions\/4642"}],"wp:attachment":[{"href":"https:\/\/laurenci.edu.lv\/index.php\/wp-json\/wp\/v2\/media?parent=4595"}],"curies":[{"name":"wp","href":"https:\/\/api.w.org\/{rel}","templated":true}]}}